{"id":155,"date":"2022-09-30T12:48:00","date_gmt":"2022-09-30T10:48:00","guid":{"rendered":"https:\/\/couzeix-country-club.fr\/?page_id=155"},"modified":"2025-07-07T16:33:22","modified_gmt":"2025-07-07T14:33:22","slug":"enseignement-jeunes","status":"publish","type":"page","link":"https:\/\/couzeix-country-club.fr\/index.php\/enseignement-jeunes\/","title":{"rendered":"Enseignement Jeunes"},"content":{"rendered":"\n<p>Au cours de la saison 2022\/2023, le club proposera \u00e0 votre enfant diff\u00e9rents moments en dehors de l&rsquo;entra\u00eenement pour venir jouer et partager des moments en famille et avec ses copains<\/p>\n\n\n\n<p>Les enfants ont la possibilit\u00e9 de r\u00e9server des terrains en dehors des entra\u00eenements (sauf le Mini-Tennis) pour d\u00e9velopper le jeu libre et renforcer leur motivation<\/p>\n\n\n\n<div style=\"height:52px\" aria-hidden=\"true\" class=\"wp-block-spacer\"><\/div>\n\n\n\n<h2 class=\"wp-block-heading has-pale-cyan-blue-background-color has-background\" style=\"font-size:32px;font-style:normal;font-weight:600;text-transform:none\">Mini-Tennis (enfants entre 3 et 6 ans) :<\/h2>\n\n\n\n<div style=\"height:41px\" aria-hidden=\"true\" class=\"wp-block-spacer\"><\/div>\n\n\n\n<p>Objectifs : il permet la d\u00e9couverte du jeu gr\u00e2ce \u00e0 l\u2019am\u00e9nagement des conditions de pratique (ballons, raquettes et terrains adapt\u00e9s). Il enrichit les conduites motrices de l\u2019enfant en d\u00e9veloppant sa coordination, son adresse, sa mobilit\u00e9, son \u00e9quilibre et sa perception<\/p>\n\n\n\n<p>Les s\u00e9ances durent 1h et se d\u00e9roulent sur 34 semaines (hors vacances scolaires et jours f\u00e9ri\u00e9s)<\/p>\n\n\n\n<div style=\"height:43px\" aria-hidden=\"true\" class=\"wp-block-spacer\"><\/div>\n\n\n\n<h2 class=\"wp-block-heading has-pale-cyan-blue-background-color has-background\" style=\"font-size:32px;font-style:normal;font-weight:600;text-transform:none\">Galaxie Tennis et Tennis Ado (enfants entre 7 et 18 ans) :<\/h2>\n\n\n\n<div style=\"height:37px\" aria-hidden=\"true\" class=\"wp-block-spacer\"><\/div>\n\n\n\n<p>Objectifs : ces deux structures placent le jeu au c\u0153ur du dispositif d\u2019apprentissage et ont pour objectif d\u2019amener \u00e0 jouer des matchs dans le respect des valeurs du sport<\/p>\n\n\n\n<p>P\u00e9dagogie et conditions de jeu permettent rapidement \u00e0 l\u2019enfant de s\u2019amuser, de se d\u00e9penser et de progresser<\/p>\n\n\n\n<p>Les s\u00e9ances se d\u00e9roulent sur 34 semaines hors vacances scolaires et jours f\u00e9ri\u00e9s<\/p>\n\n\n\n<p>Les cours de l\u2019\u00e9cole de tennis (galaxie tennis) et les cours du tennis ado durent 1h ou 2h selon votre choix&nbsp;<\/p>\n\n\n\n<p>Certains week-ends dans l\u2019ann\u00e9e, nous rassemblons les enfants de l&rsquo;\u00e9cole de Tennis sous forme de stages ou tournois internes<\/p>\n\n\n\n<div style=\"height:42px\" aria-hidden=\"true\" class=\"wp-block-spacer\"><\/div>\n\n\n\n<h2 class=\"wp-block-heading has-pale-cyan-blue-background-color has-background\" style=\"font-size:32px;font-style:normal;font-weight:600;text-transform:none\">Comment s\u2019inscrire ?<\/h2>\n\n\n\n<div style=\"height:45px\" aria-hidden=\"true\" class=\"wp-block-spacer\"><\/div>\n\n\n\n<p>Pour chacune des structures, il est pr\u00e9f\u00e9rable de se rendre aux journ\u00e9es portes ouvertes qui se d\u00e9roulent les deux premiers week-ends de septembre<\/p>\n\n\n\n<p>Afin de garantir l\u2019homog\u00e9n\u00e9it\u00e9 des groupes, des s\u00e9ances \u00ab tests \u00bb destin\u00e9es \u00e0 identifier le niveau de jeu sont organis\u00e9es au moment des inscriptions en septembre<\/p>\n\n\n\n<p>Il est toujours possible de s\u2019inscrire durant la saison dans la limite des places disponibles<\/p>\n\n\n\n<div style=\"height:46px\" aria-hidden=\"true\" class=\"wp-block-spacer\"><\/div>\n\n\n\n<h3 class=\"wp-block-heading has-pale-cyan-blue-color has-text-color has-medium-font-size\"><strong>1. Me rendre directement \u00e0 l&rsquo;accueil : <\/strong><\/h3>\n\n\n\n<div style=\"height:36px\" aria-hidden=\"true\" class=\"wp-block-spacer\"><\/div>\n\n\n\n<p>Remplir une fiche d&rsquo;inscription (document \u00e0 t\u00e9l\u00e9charger en bas de page)<\/p>\n\n\n\n<p>Fournir un justificatif de domicile pour b\u00e9n\u00e9ficier du tarif \u00ab\u00a0r\u00e9sident \u00e0 Couzeix\u00a0\u00bb<\/p>\n\n\n\n<p>Fournir un certificat m\u00e9dical (\u00e0 t\u00e9l\u00e9charger en bas de page) et\/o\u00f9 le questionnaire de sant\u00e9 (\u00e0 remplir directement sur Tenup)<\/p>\n\n\n\n<div style=\"height:44px\" aria-hidden=\"true\" class=\"wp-block-spacer\"><\/div>\n\n\n\n<h3 class=\"wp-block-heading has-pale-cyan-blue-color has-text-color has-medium-font-size\"><strong>2. Me rendre sur Tenup pour mon inscription en ligne :<\/strong><\/h3>\n\n\n\n<div style=\"height:36px\" aria-hidden=\"true\" class=\"wp-block-spacer\"><\/div>\n\n\n\n<p>Cr\u00e9er mon compte<\/p>\n\n\n\n<p>Choisir une formule de cotisation<\/p>\n\n\n\n<p>Effectuer le paiement en ligne<\/p>\n\n\n\n<p>Lorsque je me rends au club pour jouer la premi\u00e8re fois je d\u00e9pose les diff\u00e9rentes attestations (justificatif de domicile pour le tarif \u00ab\u00a0couzeix\u00a0\u00bb et le certificat m\u00e9dical)<\/p>\n\n\n\n<div style=\"height:44px\" aria-hidden=\"true\" class=\"wp-block-spacer\"><\/div>\n\n\n\n<h2 class=\"wp-block-heading has-pale-cyan-blue-background-color has-background has-large-font-size\" style=\"font-style:normal;font-weight:600;text-transform:none\"><strong>Tarifs et formules : <\/strong><\/h2>\n\n\n\n<div style=\"height:41px\" aria-hidden=\"true\" class=\"wp-block-spacer\"><\/div>\n\n\n\n<p>Le CCC \u00e9tant associatif et municipal, les habitants de Couzeix b\u00e9n\u00e9ficient d&rsquo;une r\u00e9duction sur la cotisation<\/p>\n\n\n\n<div style=\"height:41px\" aria-hidden=\"true\" class=\"wp-block-spacer\"><\/div>\n\n\n\n<figure class=\"wp-block-image size-large\"><img decoding=\"async\" src=\"https:\/\/couzeix-country-club.fr\/wp-content\/uploads\/2023\/07\/Tarif-jeune-2023-2024-1024x724.png\" alt=\"\" class=\"wp-image-791\"\/><\/figure>\n\n\n\n<div style=\"height:45px\" aria-hidden=\"true\" class=\"wp-block-spacer\"><\/div>\n\n\n\n<p>Si votre adh\u00e9sion se fait en cours d&rsquo;ann\u00e9e le prix de la cotisation est calcul\u00e9 au prorata \u00e0 partir du 1er Janvier<\/p>\n\n\n\n<div style=\"height:44px\" aria-hidden=\"true\" class=\"wp-block-spacer\"><\/div>\n\n\n\n<p>Le paiement peut s\u2019effectuer directement au club :<\/p>\n\n\n\n<p>Par carte bleue<\/p>\n\n\n\n<p>Par pr\u00e9l\u00e8vement<\/p>\n\n\n\n<p>En esp\u00e8ces<\/p>\n\n\n\n<p>Par ch\u00e8que avec la possibilit\u00e9 de payer en plusieurs fois (8 fois maximum) en pr\u00e9cisant les mois d&rsquo;encaissement souhait\u00e9s<\/p>\n\n\n\n<p>Par Ch\u00e8ques-Vacances, Coupons-Sport, \u2026 (tous types de coupons sont accept\u00e9s)<\/p>\n\n\n\n<div style=\"height:100px\" aria-hidden=\"true\" class=\"wp-block-spacer\"><\/div>\n\n\n\n<div class=\"wp-block-buttons is-layout-flex wp-block-buttons-is-layout-flex\">\n<div class=\"wp-block-button\"><a class=\"wp-block-button__link wp-element-button\" href=\"https:\/\/drive.google.com\/file\/d\/1vBc8Rko-hC09BHlDiVs1s09GEU6GciKH\/view?usp=sharing\" target=\"_blank\" rel=\"noreferrer noopener\"><strong>T\u00e9l\u00e9charger la fiche d&rsquo;inscription<\/strong><\/a><\/div>\n<\/div>\n\n\n\n<div class=\"wp-block-buttons is-layout-flex wp-block-buttons-is-layout-flex\">\n<div class=\"wp-block-button\"><a class=\"wp-block-button__link wp-element-button\" href=\"https:\/\/couzeix-country-club.fr\/wp-content\/uploads\/2022\/10\/Certificat-medical.pdf\"><strong>T\u00e9l\u00e9charger le certificat m\u00e9dical<\/strong><\/a><\/div>\n<\/div>\n","protected":false},"excerpt":{"rendered":"<p>Au cours de la saison 2022\/2023, le club proposera \u00e0 votre enfant diff\u00e9rents moments en dehors de l&rsquo;entra\u00eenement pour venir jouer et partager des moments en famille et avec ses copains Les enfants ont la possibilit\u00e9 de r\u00e9server des terrains en dehors des entra\u00eenements (sauf le Mini-Tennis) pour d\u00e9velopper le jeu libre et renforcer leur [&hellip;]<\/p>\n","protected":false},"author":1,"featured_media":0,"parent":0,"menu_order":0,"comment_status":"closed","ping_status":"closed","template":"","meta":{"om_disable_all_campaigns":false,"_mi_skip_tracking":false,"_monsterinsights_sitenote_active":false,"_monsterinsights_sitenote_note":"","_monsterinsights_sitenote_category":0,"footnotes":""},"class_list":["post-155","page","type-page","status-publish","hentry"],"aioseo_notices":[],"_links":{"self":[{"href":"https:\/\/couzeix-country-club.fr\/index.php\/wp-json\/wp\/v2\/pages\/155","targetHints":{"allow":["GET"]}}],"collection":[{"href":"https:\/\/couzeix-country-club.fr\/index.php\/wp-json\/wp\/v2\/pages"}],"about":[{"href":"https:\/\/couzeix-country-club.fr\/index.php\/wp-json\/wp\/v2\/types\/page"}],"author":[{"embeddable":true,"href":"https:\/\/couzeix-country-club.fr\/index.php\/wp-json\/wp\/v2\/users\/1"}],"replies":[{"embeddable":true,"href":"https:\/\/couzeix-country-club.fr\/index.php\/wp-json\/wp\/v2\/comments?post=155"}],"version-history":[{"count":12,"href":"https:\/\/couzeix-country-club.fr\/index.php\/wp-json\/wp\/v2\/pages\/155\/revisions"}],"predecessor-version":[{"id":1087,"href":"https:\/\/couzeix-country-club.fr\/index.php\/wp-json\/wp\/v2\/pages\/155\/revisions\/1087"}],"wp:attachment":[{"href":"https:\/\/couzeix-country-club.fr\/index.php\/wp-json\/wp\/v2\/media?parent=155"}],"curies":[{"name":"wp","href":"https:\/\/api.w.org\/{rel}","templated":true}]}}